ghest common factor of i and 91?
13
Suppose -3*r + 16 = r. Suppose -30 = -2*d - r. Suppose 2*f + z + 0*z = 210, 5*f - z - 518 = 0. Calculate the highest common divisor of d and f.
13
Let k be 2/(-3) - (-4)/6. Let u be (-3)/(15/4*-2)*5. Let r = u + k. Calculate the greatest common divisor of 16 and r.
2
Suppose 0 = 5*n + 5, -3*p - 4*n + 1 = -2*n. Let j be (-2)/p*(0 - 2). What is the greatest common factor of 28 and j?
4
Let v = 22 - -6. Let o = -1 - -5. What is the highest common factor of o and v?
4
Let o = -13 + 28. Let t = -11 - -21. Calculate the greatest common factor of o and t.
5
Suppose 2*k - 10 = 0, 0*t + 3*k + 9 = 2*t. Suppose 2*p = 3*v + 66, 0*v = -2*v + 4. What is the greatest common factor of p and t?
12
Let g(k) = k**3 + 17*k**2 - 5*k - 13. Let h be g(-17). Calculate the greatest common divisor of h and 9.
9
Let b = 198 + -180. Let d = 13 - 4. Calculate the highest common factor of b and d.
9
Let g(l) = -l + 11. Let t be g(-4). Calculate the highest common factor of 120 and t.
15
Let r be (-3)/(-4) + (-34)/(-8). Suppose 2*m - r*m + 54 = 0. What is the highest common divisor of m and 6?
6
Let k = -8 + 12. Suppose x + x - 4 = 0. Let d be 25*x*1/5. What is the greatest common factor of k and d?
2
Let c(m) = -10*m - 11. Let i be c(-2). What is the greatest common divisor of i and 45?
9
Suppose 0 = s - 2, -4*m - 5*s = 110. Let j be ((-4)/(-6))/((-4)/m). Let n = j - -3. Calculate the highest common factor of 56 and n.
8
Suppose -28*c = -23*c - 115. Calculate the highest common factor of 253 and c.
23
Let r = -23 + 34. Calculate the highest common divisor of 11 and r.
11
Suppose 3*t = 23 + 193. Let d = -21 + 18. Let q be 6/(d - 11/(-3)). What is the highest common factor of t and q?
9
Suppose -m - 3 = -2*g - 15, -25 = 5*g. What is the greatest common divisor of m and 14?
2
Suppose -5*d = -162 + 2. Let v be (-5)/4 + 1/4. Let p be (-3)/(2 - v) + 9. Calculate the greatest common factor of p and d.
8
Let q(l) = l**3 - 2*l**2 - l + 10. Let p be q(0). Calculate the greatest common divisor of 20 and p.
10
Suppose 5*v - 3 = 47. Suppose -2*w - 3*a + 25 = 5, 0 = -5*a - v. Calculate the greatest common factor of w and 91.
13
Suppose 0 = -u - u + j + 9, -u = -5*j. Let d = -10 - -12. What is the highest common divisor of d and u?
1
Let c(n) = n**3 + 12*n**2 + 6*n - 15. Let p be c(-11). Calculate the highest common divisor of p and 8.
8
Let t(y) = -y + 4. Let f be t(3). Let a be f - 2 - -85*1. Calculate the highest common factor of a and 12.
12
Let n(z) = 4*z - 1. Let s be n(2). Let r be 2/s - 668/(-14). Calculate the highest common divisor of r and 32.
16
Let k(q) = -14*q - 8. Let j be k(-4). What is the highest common factor of j and 16?
16
Let j = -70 - -38. Suppose i - 78 = -3*i - 2*s, -2*i + 21 = -5*s. Let w = i - j. Calculate the greatest common divisor of w and 10.
10
Let g = -2 - -12. Let o be 25*(58/g + -3). Calculate the highest common factor of 10 and o.
10
Let t be 12/78 - (-594)/26. Let z = -12 + t. Suppose -2*a + 2*f = -2*f - 254, -354 = -3*a - 3*f. Calculate the highest common factor of a and z.
11
Let u = 136 + -67. Let r = -9 + u. What is the highest common divisor of 15 and r?
15
Let o be (-3)/(-3) - (0 - 1). Suppose o*q = -5*b + 74, 6*b = b + q + 68. What is the greatest common divisor of b and 42?
14
Let p(u) = 3*u**2 - 6*u**2 + 6*u**2 + u**2. Let h be p(-2). Calculate the greatest common divisor of 16 and h.
16
Suppose 2*d = -1 + 7. Let c = 4 + 5. What is the highest common divisor of d and c?
3
Suppose -3*s = 4*n - s - 372, -2*s = -4*n + 364. Suppose -6 = -3*x, n = 3*z - 3*x + 5. What is the highest common factor of z and 279?
31
Let c(x) = -5*x**3 - 3*x**2 + x + 2. Let y be c(-2). Suppose 45 = -2*u + 129. What is the highest common factor of y and u?
14
Suppose 4*z - 18 = 70. What is the highest common divisor of z and 2?
2
Let p = 53 - 33. Suppose -i + x = -165, -i + 5*i = x + 645. Calculate the highest common divisor of p and i.
20
Suppose -3*f = -6*f + 45. Suppose -3*o + 55 = 10. Calculate the highest common divisor of o and f.
15
Let h(y) = y**2 - 11*y + 8. Let k be h(11). Calculate the greatest common divisor of k and 64.
8
Suppose h + 28 = -5*k, 5*k = 4*h + h - 10. Let q = k - -12. Let n(i) = -i**3 + 7*i**2 + i - 6. Let m be n(q). What is the highest common divisor of 3 and m?
1
Suppose -4*j - 37 = -5*x, 36 = 5*x - 3*j + 2. Suppose -4*a = -166 - 14. What is the highest common factor of a and x?
5
Suppose -5 + 0 = -5*k. Suppose 2*o + 12 = -4*f - 2*o, -k = -o. Let p be f/(-8)*11*4. What is the greatest common factor of 66 and p?
22
Let o = -11 - -48. Calculate the greatest common factor of o and 37.
37
Let q(z) be the third derivative of -z**6/15 + z**3/6 - 2*z**2. Let h be q(-2). Let c(m) = -13*m. Let k be c(-2). What is the highest common factor of k and h?
13
Let w be 4/(-18) - 12/(-54). Suppose -2*l = 2*u - 12, 2*u + w*u + 54 = 4*l. What is the highest common factor of 1 and l?
1
Let u = 45 + -30. Suppose 0 = -a - 0*c + 2*c + 52, -4*a - 5*c = -260. Calculate the highest common divisor of a and u.
15
Let f(u) = 7*u - 7. Let i be f(5). Calculate the highest common divisor of 196 and i.
28
Let i = 70 + -42. Suppose 0 = -4*y + i. Let m = y - 2. What is the greatest common factor of m and 10?
5
Suppose 18*c = 23*c - 40. Suppose -2*j - b + 38 = j, -4 = -j + 4*b. What is the highest common factor of c and j?
4
Let m be (1 + 0)/(1/(-7)). Let g(f) = -13*f + 1. Let v be g(m). What is the greatest common divisor of 23 and v?
23
Suppose -5*w + 150 = 5*a, 4*a + 0*w - 120 = 2*w. Calculate the highest common factor of 12 and a.
6
Suppose m - 130 = -5*d - 0*m, -4*m = 2*d - 52. Let j(l) = l**2 - 4*l + 1. Let t = -19 + 25. Let z be j(t). Calculate the highest common factor of d and z.
13
Suppose -6*h + 97 = -335. Calculate the highest common factor of 180 and h.
36
Let p(q) = 2*q**3 - 5*q**2 + 8*q - 25. Let s be p(3). Let b(o) = o**2 + 4*o + 4. Let m be b(-3). What is the highest common factor of s and m?
1
Let r = -98 - -263. Let u(q) = -2*q + 3. Let j be u(-6). What is the greatest common factor of j and r?
15
Suppose 1 = -v + 6. What is the highest common factor of v and 1?
1
Let v be (-5)/20 - 30/8. Let o = 4 - v. Calculate the greatest common divisor of 8 and o.
8
Let z be 1/2*0 + 30. Calculate the greatest common factor of 10 and z.
10
Let a be -3*(-136)/(-12)*-1. Let s be (4/6)/(2/51). Calculate the greatest common divisor of a and s.
17
Suppose 0 = -3*h - h + 8. Let w be (-4 + h + 0)/(-1). Suppose -w = 4*i - 50. What is the highest common divisor of i and 18?
6
Let y be 19 + 4/(-12)*-6. What is the greatest common divisor of y and 3?
3
Suppose c - 64 = 5*c. Let i = 29 + c. Calculate the greatest common divisor of i and 130.
13
Suppose 0 = -5*b + b. Suppose b*o = -o + 10. Calculate the greatest common divisor of o and 110.
10
Let u(k) = 4*k**3. Let j be u(1). Suppose j*c - 3 = c. Let w be (c + -1 + 13)*5. What is the highest common factor of w and 26?
13
Let v(r) = r**3 - 3*r**2 - 2*r + 5. Let m be v(4). What is the greatest common divisor of 65 and m?
13
Let w(o) = 3*o - 3. Let p be w(-5). Let v = p - -28. What is the highest common divisor of 25 and v?
5
Let d = 37 - 12. What is the highest common divisor of d and 50?
25
Let r be 54/9 - (0 - 2). Calculate the greatest common divisor of 40 and r.
8
Let r = -81 + 191. Let m = 49 + -5. What is the greatest common divisor of r and m?
22
Let i(c) = -2*c - 2*c - 4*c - 1 - 6*c. Let j be i(-1). Calculate the highest common factor of j and 91.
13
Let s be (-6)/(-7)*14/2. What is the highest common divisor of s and 54?
6
Suppose 52 = 3*v - 92. Calculate the highest common factor of v and 24.
24
Let n(v) = -v**3 + 14*v**2 + 2*v - 19. Let c be n(14). What is the highest common divisor of c and 6?
3
Suppose -8*m + 96 = -4*m. Let o = m + -10. What is the highest common factor of o and 7?
7
Let o = -7 + 13. Let r be 6 + 0/((-12)/4). Suppose r*g - 300 = g. What is the greatest common divisor of o and g?
6
Let l be (-80)/3*(-12)/10. Let x be ((-44)/8)/((-2)/l). What is the highest common factor of x and 11?
11
Let l(o) = 6*o - 25. Let w be l(5). Let z be 8/(-6)*(-3)/2. Suppose 49 = z*n - 2*v - 57, -4*n + 222 = v. What is the highest common divisor of n and w?
5
Let i(n) = n. Let p be i(4). L